+ 1. Let a be f(-2). Let k = -11 - a. Suppose 4*h - 54 = k*h. List the prime factors of h.
3
Let u = 5862 - 3902. List the prime factors of u.
2, 5, 7
Let q(w) be the third derivative of -w**7/5040 + w**6/18 - 2*w**5/15 + 9*w**2. Let b(v) be the third derivative of q(v). What are the prime factors of b(0)?
2, 5
Let m(n) = -n**3 + 7*n**2 - 6*n + 2. Let j be m(6). Suppose -j*s + 7*s = 105. List the prime factors of s.
3, 7
Suppose y = 3*x - 12, 0 = 4*y + y - 3*x + 12. Suppose -g - 5 - 99 = -4*u, y = -g - 4. What are the prime factors of u?
5
Let w be (1 - 3)/(2/(-59)). Let s(d) = -2*d**2 + 52*d + 79. Let y be s(27). Let u = w - y. What are the prime factors of u?
2, 17
Let u be (-441)/14*8/(-6). Let b be u/(-35)*(-10)/4. Suppose 0 = -b*h - 2*r + 105, -h - 2*h = 4*r - 99. What are the prime factors of h?
37
Let k = -11 + 18. Let a be k*(3 + (-68)/28). Suppose 5*r - 4*l - 135 = l, 60 = 3*r + a*l. What are the prime factors of r?
2, 3
Let o = -17 + 2. List the prime factors of o/(-2 - 3/(-6)).
2, 5
Suppose -2*z = -0*u - 5*u - 61, 4*z = -2*u - 10. Let c = u + 11. Suppose 69 = -c*a + 3*a. What are the prime factors of a?
23
Let h = 1278 - 873. List the prime factors of h.
3, 5
Let o(v) = 2*v - 1. Let l be o(3). Let i(j) = j**3 - 3*j**2 - j - 10. Let w be i(l). Let b = w - 22. What are the prime factors of b?
13
Let b(c) = 48*c**2 + c - 55. List the prime factors of b(-7).
2, 5, 229
Let q(r) = r**2 + 21*r + 31. List the prime factors of q(34).
1901
Let d = 17 - 13. Let l be 2/4 - 2/d. Suppose 0 = -l*p - p + 29. What are the prime factors of p?
29
Let v be 3 + (2/(-8))/((-11)/44). Let z(b) = 63*b - 3. What are the prime factors of z(v)?
3, 83
Let s(l) = 19*l + 1. Let k = -3 + 4. What are the prime factors of s(k)?
2, 5
Let h(m) = -2*m + m**2 + 15*m**2 + 2 - 6*m**2. What are the prime factors of h(3)?
2, 43
Let a(l) = 3*l - 2. Let p(y) = 5*y - 3. Let c(k) = 2*k - 3. Let w be c(5). Let i(n) = w*a(n) - 4*p(n). What are the prime factors of i(5)?
3
Let w = -1665 - -3998. What are the prime factors of w?
2333
Let v(m) = -2*m + 85. What are the prime factors of v(8)?
3, 23
Let c(s) = 2*s**2 + 9*s - 6. Let q(r) = r**2 + r - 1. Let i = 15 - 12. Let f(u) = i*q(u) - c(u). What are the prime factors of f(6)?
3
Let b(a) = a + 28. Let n be b(7). Suppose -58 = -36*j + n*j. What are the prime factors of j?
2, 29
Suppose -4*r - q - 29 = -12, 0 = r + q + 5. Let f be 0 + 4/r + 4. What are the prime factors of f + -3 - (-17 + 1)?
2
Suppose 36 = -x + 3*j, -6*j + 10 = -j. What are the prime factors of (-74)/6*x/2?
5, 37
Suppose -24*y + 19*y + 480 = 0. Suppose -6*x + 2*x + 144 = -4*h, 0 = -2*x - 4*h + y. List the prime factors of x.
2, 5
Suppose 102 = -4*z + 82. List the prime factors of 180 - ((-5)/(z/6) + -3).
3, 59
Suppose -2*h + 73 + 1041 = 0. Suppose 3*i - 419 = 2*l, l - 4*l = -4*i + h. List the prime factors of i.
11, 13
Suppose 0 = -5*c + 5*l + 10915, -l = -5*c + 5057 + 5846. What are the prime factors of c?
2, 5, 109
Suppose -2*i = -29 - 9. Let n = 16 - i. What are the prime factors of (3 + 0)*(-25)/n?
5
Let f(i) = i + 309. Let m be f(0). Suppose m + 76 = 5*z. What are the prime factors of z?
7, 11
Suppose 61 + 19 = 5*i. Suppose -4*y = -0*y + i. Let p(t) = -3*t - 5. What are the prime factors of p(y)?
7
Let p be (-10)/(-75) + (-14846)/(-30). Suppose 0 = 10*w - 5*w - p. What are the prime factors of w?
3, 11
Let a(j) = -j - 2. Let m = -2 - -1. Let y be a(m). Let z(x) = 27*x**2 + x - 1. List the prime factors of z(y).
5
Suppose -p + m + 282 = 0, 4*m + 424 = 2*p - 136. List the prime factors of p.
2, 71
Let c = -35 + 31. Let s(p) = -2*p**3 + 2*p - 7. What are the prime factors of s(c)?
113
List the prime factors of (-2)/18 - 24410/(-18).
2, 3, 113
Let z = -28 + -60. List the prime factors of z/(-6)*(-300)/(-40).
2, 5, 11
List the prime factors of 6/(18*5/10680).
2, 89
Suppose 12 = 4*s - 4. Suppose 3*l = s*l + 6. What are the prime factors of ((-105)/14)/(l/20)?
5
Suppose -91*o + 1134 = -89*o. What are the prime factors of o?
3, 7
Let y = 10 - -139. Let s = y - 36. List the prime factors of s.
113
Let l be 5/10 - 31/2. Let r be ((-20)/l)/(4/6). Suppose 3 = r*y - 7. What are the prime factors of y?
5
Let c(r) = -3*r - 30. Let x be c(-20). What are the prime factors of 30/4*216/x?
2, 3
Let a = -50 + 397. List the prime factors of a.
347
Let i(c) = -16*c**3 + 8*c**2 - 3*c + 8. Let n(u) = 48*u**3 - 23*u**2 + 9*u - 23. Let g(t) = 17*i(t) + 6*n(t). List the prime factors of g(1).
3, 5
Let t = -770 - -1644. List the prime factors of t.
2, 19, 23
Let j(t) = 18*t + 2. Let z be j(-2). Let u = z + 70. Suppose u + 17 = w. What are the prime factors of w?
53
What are the prime factors of 2/3*(137 - -2 - -2)?
2, 47
Let j(r) = 39*r - 1. Let u(k) = 116*k - 3. Let f(l) = -14*j(l) + 4*u(l). List the prime factors of f(-1).
2, 3, 7
Suppose -2*p + 9 + 35 = 0. Suppose -152 = 20*i - p*i. What are the prime factors of i?
2, 19
Let r = 5 - 3. Suppose 2*w - r*h + 33 = 327, 4*h - 20 = 0. Suppose -s = -3*s + w. List the prime factors of s.
2, 19
Let x be (-5)/(-2)*(-7 + 5). List the prime factors of 2/(4*x/(-330)).
3, 11
Let q(d) be the first derivative of 11*d**3/3 + 5*d**2/2 - 3*d - 14. List the prime factors of q(2).
3, 17
Let b(v) = -3*v + 14. Let m be b(-2). What are the prime factors of -1 - (15/m - 1255/4)?
2, 3, 13
Suppose x - 16*g - 1362 = -20*g, 4*x = -3*g + 5448. List the prime factors of x.
2, 3, 227
Let q = 1 - -1. Suppose 14 - q = 3*c. Suppose 6*x = -3*t + c*x + 71, 4*x - 37 = -t. What are the prime factors of t?
3, 7
Let o(i) = 3*i**3 - 2*i**2 - 2*i + 3. Let d be o(1). Suppose d*s - s - 95 = 0. List the prime factors of s.
5, 19
Let n(o) = 2*o**2 - 4*o + 26. What are the prime factors of n(-11)?
2, 3, 13
Suppose y = 3*b - 2*b - 5349, 0 = -4*b - 2*y + 21426. What are the prime factors of b?
2, 2677
Suppose -2*b + 2*s + 516 = 0, -1012 = -4*b + 25*s - 26*s. What are the prime factors of b?
2, 127
Let g(j) = -317*j - 229. List the prime factors of g(-4).
1039
Let o(s) = 12*s**2 + 16*s - 137. What are the prime factors of o(12)?
1783
Let f = 127 - 23. Suppose -a = c + 2*c - 142, 2*c - f = -3*a. List the prime factors of c.
2, 23
Let h = 201 - 92. Let j = h + -21. List the prime factors of j.
2, 11
What are the prime factors of (11472/27)/4 - (-18)/(-81)?
2, 53
Let j be (33/(-44))/(2/(-40)). Let p be j*(-16)/(-60)*-3. What are the prime factors of p*(4 + (-2 - 3))?
2, 3
Let x(u) = u**3 + 14*u**2 - 16*u + 3. Let w be x(-14). Suppose -2*q + 4*n + 0*n + 236 = 0, -2*q + w = 5*n. What are the prime factors of q?
2, 29
Let q(g) = -g**2 - 34*g - 65*g**3 + 1 - 2 + 32*g. What are the prime factors of q(-1)?
5, 13
Let l(s) = -s**3 - s + 58. Let u be (0/(-3) + 0)/2. What are the prime factors of l(u)?
2, 29
Suppose -4*z + 7 + 1 = 0. Suppose -z*o + 13 = -89. List the prime factors of o.
3, 17
Let c = 35 - 28. Suppose c*p - 166 = 86. What are the prime factors of p?
2, 3
Suppose -y = 21 + 77. Let b = y + 174. List the prime factors of b.
2, 19
Let r = 670 + -448. What are the prime factors of r?
2, 3, 37
List the prime factors of -6 - (16389 - -11)/(-5).
2, 1637
Suppose t = 5*v + 4, -7*t + 2*t + v = 4. What are the prime factors of ((-970)/40)/(t/4)?
97
Let j = 781 + -355. List the prime factors of j.
2, 3, 71
Let c = 444 - 185. Let s = 8 - 8. Suppose 2*l - 2*w - 72 = s, -5*l - 3*w - 71 = -c. What are the prime factors of l?
37
Let k = 268 - -58. List the prime factors of k.
2, 163
Let s be 16/(-20)*(-325)/(-10). Let i = 73 + s. List the prime factors of i.
47
Let a = 11 + 1. Let i(o) = -7. Let r(d) = d + 13. Let b(q) = 5*i(q) + 2*r(q). List the prime factors of b(a).
3, 5
Suppose -4*w + 2*s = -94, 4*w - 5*s - 97 = -0*w. Let p be 46 - (-4 - (2 - 3)). Let v = p - w. List the prime factors of v.
2, 13
List the prime factors of (-24260)/(-50) + (-5)/25.
5, 97
Suppose 2784 = 55*v - 51*v. List the prime factors of v.
2, 3, 29
Let q = 3038 - 746. List the prime factors of q.
2, 3, 191
Suppose 0*q + 728 = -7*q. Let c = 271 + q. List the prime factors of c.
167
Suppose 12*a - 620 = -56. What are the prime factors of a?
47
Suppose -5*x = -s + 88, 5*s - x + 6*x = 320. Suppose -5*d - 97 = -3*r, -3*r = d - s + 1. What are the prime factors of r?
2, 3
Let l = 1858 + -911. What are the prime factors of l?
947